 18257
List the prime factors of 109793014.
2, 29, 1892983
List the prime factors of 189504058.
2, 73, 1297973
List the prime factors of 699034503.
3, 233011501
List the prime factors of 247371876.
2, 3, 6871441
List the prime factors of 486918233.
17, 28642249
What are the prime factors of 784166861?
41, 67, 285463
What are the prime factors of 105121915?
5, 347, 60589
List the prime factors of 33554869.
89, 377021
What are the prime factors of 14622559?
7, 797, 2621
List the prime factors of 876597848.
2, 7, 29, 2659
List the prime factors of 306395353.
11, 29, 87317
List the prime factors of 31589660.
2, 5, 89, 17747
List the prime factors of 20923471.
29, 721499
List the prime factors of 33676274.
2, 16838137
List the prime factors of 3084456.
2, 3, 128519
What are the prime factors of 38266949?
7, 17, 321571
List the prime factors of 15003776.
2, 251, 467
What are the prime factors of 2813365?
5, 562673
What are the prime factors of 138448161?
3, 59, 127, 2053
What are the prime factors of 340270441?
7, 23, 53, 39877
List the prime factors of 164448883.
7753, 21211
What are the prime factors of 655469246?
2, 2551, 128473
List the prime factors of 32690260.
2, 5, 19, 86027
List the prime factors of 1992833261.
13339, 149399
List the prime factors of 106415636.
2, 26603909
What are the prime factors of 621201884?
2, 19, 8173709
What are the prime factors of 21601995?
3, 5, 83, 17351
What are the prime factors of 740589024?
2, 3, 7, 431, 2557
What are the prime factors of 105386044?
2, 571, 46141
What are the prime factors of 537708116?
2, 11, 12220639
What are the prime factors of 43347502?
2, 11, 23, 85667
What are the prime factors of 7681830773?
367, 20931419
What are the prime factors of 45805948?
2, 59, 194093
What are the prime factors of 91084835?
5, 71, 256577
What are the prime factors of 321283635?
3, 5, 19, 1127311
List the prime factors of 279898892.
2, 7, 13, 768953
What are the prime factors of 360400848?
2, 3, 53, 141667
What are the prime factors of 67798105?
5, 719, 18859
What are the prime factors of 188805299?
19, 1307, 7603
List the prime factors of 134188536.
2, 3, 1571, 3559
List the prime factors of 3883005807.
3, 1294335269
List the prime factors of 59684920.
2, 5, 31, 127, 379
What are the prime factors of 104550784?
2, 13, 83, 757
List the prime factors of 7091462.
2, 7, 506533
What are the prime factors of 119927695?
5, 4231, 5669
What are the prime factors of 103628839?
43, 59, 40847
What are the prime factors of 92014103?
97, 499, 1901
What are the prime factors of 356997494?
2, 7, 25499821
What are the prime factors of 15504788?
2, 13, 298169
List the prime factors of 250513629.
3, 29, 2879467
List the prime factors of 34886108.
2, 17, 513031
List the prime factors of 143649264.
2, 3, 11, 24733
What are the prime factors of 1373863840?
2, 5, 17, 505097
What are the prime factors of 900712?
2, 112589
What are the prime factors of 309651039?
3, 17, 37, 18233
List the prime factors of 251765914.
2, 125882957
List the prime factors of 87946491.
3, 17, 1724441
List the prime factors of 384858475.
5, 59, 260921
What are the prime factors of 488337007?
6571, 74317
List the prime factors of 53789668.
2, 197, 68261
List the prime factors of 4988993.
4988993
List the prime factors of 22736148.
2, 3, 199, 9521
What are the prime factors of 177046953?
3, 43, 359, 3823
What are the prime factors of 518355001?
199, 2604799
What are the prime factors of 244254183?
3, 6607, 12323
What are the prime factors of 8223293698?
2, 71, 233, 248543
What are the prime factors of 599968131?
3, 7, 17, 1680583
What are the prime factors of 153047794?
2, 4013, 19069
What are the prime factors of 53869092?
2, 3, 1061, 4231
What are the prime factors of 6415309?
61, 251, 419
List the prime factors of 161043452.
2, 40260863
What are the prime factors of 113443208?
2, 1663, 8527
List the prime factors of 505088325.
3, 5, 7, 15271
List the prime factors of 651900513.
3, 11, 17, 439, 2647
List the prime factors of 258373088.
2, 8074159
List the prime factors of 230386859.
230386859
List the prime factors of 414894820.
2, 5, 67, 309623
What are the prime factors of 1147723499?
13, 17, 101, 51419
What are the prime factors of 3241347492?
2, 3, 270112291
List the prime factors of 2725658010.
2, 3, 5, 23, 1316743
List the prime factors of 47740507.
47740507
List the prime factors of 10033246.
2, 29, 172987
List the prime factors of 71704034.
2, 79, 453823
List the prime factors of 134527535.
5, 26905507
List the prime factors of 223097549.
71, 3142219
What are the prime factors of 48359834?
2, 24179917
List the prime factors of 418740409.
418740409
What are the prime factors of 4382198022?
2, 3, 2857, 255641
List the prime factors of 2317202736.
2, 3, 97, 479, 1039
List the prime factors of 179424731.
179424731
What are the prime factors of 356425202?
2, 7, 25458943
What are the prime factors of 41069266?
2, 7, 631, 4649
What are the prime factors of 99898081?
99898081
List the prime factors of 297309612.
2, 3, 283, 87547
List the prime factors of 2911463474.
2, 37, 39344101
What are the prime factors of 54783282?
2, 3, 17, 537091
What are the prime factors of 47758773?
3, 15919591
What are the prime factors of 223615863?
3, 73, 113453
What are the prime factors of 2069116021?
7, 97, 3047299
List the prime factors of 121714057.
19, 1579, 4057
List the prime factors of 99559205.
5, 1091, 18251
List the prime factors of 17969732.
2, 11, 408403
What are the prime factors of 6068054?
2, 3034027
List the prime factors of 95343291.
3, 3531233
List the prime factors of 1676101203.
3, 7, 53, 71711
List the prime factors of 37145084.
2, 137, 67783
List the prime factors of 364636544.
2, 2848723
List the prime factors of 39295056.
2, 3, 41, 487
List the prime factors of 62817408.
2, 3, 31, 1759
What are the prime factors of 228262918?
2, 13, 163, 53861
What are the prime factors of 1503247972?
2, 13903, 27031
What are the prime factors of 67133998?
2, 33566999
List the prime factors of 63903280.
2, 5, 7, 114113
What are the prime factors of 149897361?
3, 49965787
List the prime factors of 360082287.
3, 17, 439, 1787
List the prime factors of 236342693.
236342693
What are the prime factors of 451187953?
37, 2341, 5209
What are the prime factors of 2567559251?
97, 26469683
List the prime factors of 2049740361.
3, 61, 83, 44983
What are the prime factors of 321988134?
2, 3, 13, 31, 37, 59, 61
List the prime factors of 3886236979.
67, 73, 794569
List the prime factors of 1549125293.
1549125293
What are the prime factors of 245148857?
17, 14420521
List the prime factors of 9928449.
3, 641, 1721
List the prime factors of 31063912.
2, 11, 83, 4253
What are the prime factors of 2013874123?
541, 929, 4007
List the prime factors of 2313970770.
2, 3, 5, 77132359
What are the prime factors of 4290214411?
7, 612887773
What are the prime factors of 162824631?
3, 54274877
What are the prime factors of 135603848?
2, 109, 155509
What are the prime factors of 53508463?
53508463
What are the prime factors of 668796974?
2, 43, 7776709
What are the prime factors of 215309691?
3, 19, 53, 7919
List the prime factors of 2249336.
2, 281167
What are the prime factors of 392977303?
9203, 42701
What are the prime factors of 705761561?
983, 717967
List the prime factors of 29431925.
5, 1177277
What are the prime factors of 117582084?
2, 3, 1088723
List the prime factors of 134300991.
3, 11, 4069727
What are the prime factors of 37464102?
2, 3, 13, 23, 6961
What are the prime factors of 730142101?
13, 31, 1811767
What are the prime factors of 455016350?
2, 5, 9100327
What are the prime factors of 229373726?
2, 114686863
List the prime factors of 28198615.
5, 5639723
What are the prime factors of 86081341?
23, 3742667
List the prime factors of 4203446430.
2, 3, 5, 53, 2643677
List the prime factors of 85627971.
3, 11, 13, 66533
List the prime factors of 355910829.
3, 4943, 24001
List the prime factors of 6334882271.
31, 204351041
List the prime factors of 710034329.
37, 2293, 8369
List the prime factors of 1752880239.
3, 11, 17705861
What are the prime factors of 434093349?
3, 383, 377801
What are the prime factors of 1812852007?
31, 43, 1359979
What are the prime factors of 217076835?